{"id":41,"date":"2024-02-20T10:58:29","date_gmt":"2024-02-20T10:58:29","guid":{"rendered":"https:\/\/xn--mjlnerwood-1cb.dk\/?page_id=41"},"modified":"2025-02-04T17:06:10","modified_gmt":"2025-02-04T17:06:10","slug":"sadelrumsudstyr","status":"publish","type":"page","link":"https:\/\/xn--mjlnerwood-1cb.dk\/index.php\/sadelrumsudstyr\/","title":{"rendered":"Sadelrumsudstyr"},"content":{"rendered":"\n<div class=\"wp-block-columns is-layout-flex wp-container-core-columns-is-layout-28f84493 wp-block-columns-is-layout-flex\">\n<div class=\"wp-block-column is-layout-flow wp-block-column-is-layout-flow\">\n<figure class=\"wp-block-image size-large\"><img loading=\"lazy\" decoding=\"async\" width=\"768\" height=\"1024\" src=\"https:\/\/xn--mjlnerwood-1cb.dk\/wp-content\/uploads\/2024\/02\/sadelholder1-768x1024.jpg\" alt=\"\" class=\"wp-image-42\" srcset=\"https:\/\/xn--mjlnerwood-1cb.dk\/wp-content\/uploads\/2024\/02\/sadelholder1-768x1024.jpg 768w, https:\/\/xn--mjlnerwood-1cb.dk\/wp-content\/uploads\/2024\/02\/sadelholder1-225x300.jpg 225w, https:\/\/xn--mjlnerwood-1cb.dk\/wp-content\/uploads\/2024\/02\/sadelholder1-1152x1536.jpg 1152w, https:\/\/xn--mjlnerwood-1cb.dk\/wp-content\/uploads\/2024\/02\/sadelholder1.jpg 1536w\" sizes=\"auto, (max-width: 768px) 100vw, 768px\" \/><\/figure>\n<\/div>\n\n\n\n<div class=\"wp-block-column is-layout-flow wp-block-column-is-layout-flow\">\n<p class=\"has-large-font-size\">Sadelholder til v\u00e6g<\/p>\n\n\n\n<p>Plads til 4 sadler.<br>Holderne kan flyttes, s\u00e5 selv kan v\u00e6lge hvor meget plads der er mellem dine sadler.<br>Bagstykket er 150 cm langt.<\/p>\n\n\n\n<p>Ekstra holder kan tilk\u00f8bes<\/p>\n\n\n\n<p class=\"has-large-font-size\">Pris 749 kr.<\/p>\n<\/div>\n<\/div>\n\n\n\n<div class=\"wp-block-columns is-layout-flex wp-container-core-columns-is-layout-28f84493 wp-block-columns-is-layout-flex\">\n<div class=\"wp-block-column is-layout-flow wp-block-column-is-layout-flow\">\n<figure class=\"wp-block-image size-full\"><img loading=\"lazy\" decoding=\"async\" width=\"720\" height=\"960\" src=\"https:\/\/xn--mjlnerwood-1cb.dk\/wp-content\/uploads\/2024\/02\/sadelrum3-1.jpg\" alt=\"\" class=\"wp-image-54\" srcset=\"https:\/\/xn--mjlnerwood-1cb.dk\/wp-content\/uploads\/2024\/02\/sadelrum3-1.jpg 720w, https:\/\/xn--mjlnerwood-1cb.dk\/wp-content\/uploads\/2024\/02\/sadelrum3-1-225x300.jpg 225w\" sizes=\"auto, (max-width: 720px) 100vw, 720px\" \/><\/figure>\n<\/div>\n\n\n\n<div class=\"wp-block-column is-layout-flow wp-block-column-is-layout-flow\">\n<p class=\"has-large-font-size\">Modulsystem<\/p>\n\n\n\n<p class=\"has-medium-font-size\"> Med vores modulsystem, kan du selv sammens\u00e6tte hvad du har behov for.<br>Grunds\u00e6ttet best\u00e5r af to bagplader til v\u00e6g montering.<br>Her p\u00e5 kan du s\u00e5 s\u00e6tte hylder, sadelholder og trenseholder efter behov og det hele kan justeres rundt i h\u00f8jde.<\/p>\n\n\n\n<p class=\"has-large-font-size\">Pris grunds\u00e6t 850 kr.<\/p>\n<\/div>\n<\/div>\n\n\n\n<div class=\"wp-block-columns is-layout-flex wp-container-core-columns-is-layout-28f84493 wp-block-columns-is-layout-flex\">\n<div class=\"wp-block-column is-layout-flow wp-block-column-is-layout-flow\">\n<figure class=\"wp-block-image size-full\"><img loading=\"lazy\" decoding=\"async\" width=\"720\" height=\"960\" src=\"https:\/\/xn--mjlnerwood-1cb.dk\/wp-content\/uploads\/2024\/02\/los-sadelholder-1.jpg\" alt=\"\" class=\"wp-image-56\" srcset=\"https:\/\/xn--mjlnerwood-1cb.dk\/wp-content\/uploads\/2024\/02\/los-sadelholder-1.jpg 720w, https:\/\/xn--mjlnerwood-1cb.dk\/wp-content\/uploads\/2024\/02\/los-sadelholder-1-225x300.jpg 225w\" sizes=\"auto, (max-width: 720px) 100vw, 720px\" \/><\/figure>\n<\/div>\n\n\n\n<div class=\"wp-block-column is-layout-flow wp-block-column-is-layout-flow\">\n<div class=\"wp-block-group is-vertical is-content-justification-stretch is-layout-flex wp-container-core-group-is-layout-353c4f5a wp-block-group-is-layout-flex\">\n<p class=\"has-large-font-size\">Sadelholder til modulsystem <\/p>\n\n\n\n<p>Sadelholder, s\u00e6lges enkelvis.<\/p>\n\n\n\n<p class=\"has-large-font-size\">Pris pr stk. 80 kr.<\/p>\n<\/div>\n<\/div>\n<\/div>\n\n\n\n<div class=\"wp-block-columns is-layout-flex wp-container-core-columns-is-layout-28f84493 wp-block-columns-is-layout-flex\">\n<div class=\"wp-block-column is-layout-flow wp-block-column-is-layout-flow\">\n<figure class=\"wp-block-image size-full\"><img loading=\"lazy\" decoding=\"async\" width=\"720\" height=\"960\" src=\"https:\/\/xn--mjlnerwood-1cb.dk\/wp-content\/uploads\/2024\/02\/los-trenseholder.jpg\" alt=\"\" class=\"wp-image-57\" srcset=\"https:\/\/xn--mjlnerwood-1cb.dk\/wp-content\/uploads\/2024\/02\/los-trenseholder.jpg 720w, https:\/\/xn--mjlnerwood-1cb.dk\/wp-content\/uploads\/2024\/02\/los-trenseholder-225x300.jpg 225w\" sizes=\"auto, (max-width: 720px) 100vw, 720px\" \/><\/figure>\n<\/div>\n\n\n\n<div class=\"wp-block-column is-layout-flow wp-block-column-is-layout-flow\">\n<p class=\"has-large-font-size\">Trenseholder til modulsystem <\/p>\n\n\n\n<p>Trenseholder, s\u00e6lges enkelvis.<\/p>\n\n\n\n<p class=\"has-large-font-size\">Pris pr stk. 70 kr.<\/p>\n<\/div>\n<\/div>\n\n\n\n<div class=\"wp-block-columns is-layout-flex wp-container-core-columns-is-layout-28f84493 wp-block-columns-is-layout-flex\">\n<div class=\"wp-block-column is-layout-flow wp-block-column-is-layout-flow\">\n<figure class=\"wp-block-image size-full\"><img loading=\"lazy\" decoding=\"async\" width=\"720\" height=\"960\" src=\"https:\/\/xn--mjlnerwood-1cb.dk\/wp-content\/uploads\/2024\/02\/sadelrum5.jpg\" alt=\"\" class=\"wp-image-58\" srcset=\"https:\/\/xn--mjlnerwood-1cb.dk\/wp-content\/uploads\/2024\/02\/sadelrum5.jpg 720w, https:\/\/xn--mjlnerwood-1cb.dk\/wp-content\/uploads\/2024\/02\/sadelrum5-225x300.jpg 225w\" sizes=\"auto, (max-width: 720px) 100vw, 720px\" \/><\/figure>\n<\/div>\n\n\n\n<div class=\"wp-block-column is-layout-flow wp-block-column-is-layout-flow\">\n<p class=\"has-large-font-size\">Hylde til modulsystem <\/p>\n\n\n\n<p>Hylde, med to holder.<br>Brede 50 cm. L\u00e6ngde 120 cm.<\/p>\n\n\n\n<p>Kan laves l\u00e6ngere efter \u00f8nske.<\/p>\n\n\n\n<p class=\"has-large-font-size\">Pris 525 kr. <\/p>\n<\/div>\n<\/div>\n\n\n\n<div class=\"wp-block-columns is-layout-flex wp-container-core-columns-is-layout-28f84493 wp-block-columns-is-layout-flex\">\n<div class=\"wp-block-column is-layout-flow wp-block-column-is-layout-flow\">\n<figure class=\"wp-block-image size-full\"><img loading=\"lazy\" decoding=\"async\" width=\"657\" height=\"960\" src=\"https:\/\/xn--mjlnerwood-1cb.dk\/wp-content\/uploads\/2025\/02\/sadel-stativ-2.jpg\" alt=\"\" class=\"wp-image-64\" srcset=\"https:\/\/xn--mjlnerwood-1cb.dk\/wp-content\/uploads\/2025\/02\/sadel-stativ-2.jpg 657w, https:\/\/xn--mjlnerwood-1cb.dk\/wp-content\/uploads\/2025\/02\/sadel-stativ-2-205x300.jpg 205w\" sizes=\"auto, (max-width: 657px) 100vw, 657px\" \/><\/figure>\n<\/div>\n\n\n\n<div class=\"wp-block-column is-layout-flow wp-block-column-is-layout-flow\">\n<details class=\"wp-block-details is-layout-flow wp-block-details-is-layout-flow\" open><summary><\/summary>\n<p class=\"has-large-font-size\">Sadelstativ dobbelt siddet<\/p>\n\n\n\n<p>Flytbar sadelstativ med 4 holder<\/p>\n\n\n\n<p>H\u00f8jde 160 cm<\/p>\n\n\n\n<p>Ekstra holder kan tilk\u00f8bes. ligeledes kan der monteres 2 ekstra skinner.<\/p>\n\n\n\n<p class=\"has-large-font-size\">Pris 1200 kr.<\/p>\n\n\n\n<div class=\"wp-block-columns is-layout-flex wp-container-core-columns-is-layout-28f84493 wp-block-columns-is-layout-flex\">\n<div class=\"wp-block-column is-layout-flow wp-block-column-is-layout-flow\"><\/div>\n<\/div>\n<\/details>\n<\/div>\n<\/div>\n\n\n\n<div class=\"wp-block-columns is-layout-flex wp-container-core-columns-is-layout-28f84493 wp-block-columns-is-layout-flex\">\n<div class=\"wp-block-column is-layout-flow wp-block-column-is-layout-flow\">\n<figure class=\"wp-block-image size-large\"><img loading=\"lazy\" decoding=\"async\" width=\"570\" height=\"1024\" src=\"https:\/\/xn--mjlnerwood-1cb.dk\/wp-content\/uploads\/2025\/02\/sadelstativ-ny-570x1024.jpg\" alt=\"\" class=\"wp-image-65\" srcset=\"https:\/\/xn--mjlnerwood-1cb.dk\/wp-content\/uploads\/2025\/02\/sadelstativ-ny-570x1024.jpg 570w, https:\/\/xn--mjlnerwood-1cb.dk\/wp-content\/uploads\/2025\/02\/sadelstativ-ny-167x300.jpg 167w, https:\/\/xn--mjlnerwood-1cb.dk\/wp-content\/uploads\/2025\/02\/sadelstativ-ny.jpg 712w\" sizes=\"auto, (max-width: 570px) 100vw, 570px\" \/><\/figure>\n<\/div>\n\n\n\n<div class=\"wp-block-column has-large-font-size is-layout-flow wp-block-column-is-layout-flow\">\n<p>Sadelstativ enkel<\/p>\n\n\n\n<p class=\"has-medium-font-size\">Flytbar sadelstativ med 3 holder.<\/p>\n\n\n\n<p class=\"has-medium-font-size\">H\u00f8jde 160 cm<\/p>\n\n\n\n<p class=\"has-medium-font-size\">Ekstra holder kan tilk\u00f8bes.<\/p>\n\n\n\n<p>Pris 1050 kr.<\/p>\n<\/div>\n<\/div>\n","protected":false},"excerpt":{"rendered":"<p>Sadelholder til v\u00e6g Plads til 4 sadler.Holderne kan flyttes, s\u00e5 selv kan v\u00e6lge hvor meget plads der er mellem dine sadler.Bagstykket er 150 cm langt. Ekstra holder kan tilk\u00f8bes Pris 749 kr. Modulsystem Med vores modulsystem, kan du selv sammens\u00e6tte hvad du har behov for.Grunds\u00e6ttet best\u00e5r af to bagplader til v\u00e6g montering.Her p\u00e5 kan du [&hellip;]<\/p>\n","protected":false},"author":1,"featured_media":0,"parent":0,"menu_order":0,"comment_status":"closed","ping_status":"closed","template":"","meta":{"footnotes":""},"class_list":["post-41","page","type-page","status-publish","hentry"],"_links":{"self":[{"href":"https:\/\/xn--mjlnerwood-1cb.dk\/index.php\/wp-json\/wp\/v2\/pages\/41","targetHints":{"allow":["GET"]}}],"collection":[{"href":"https:\/\/xn--mjlnerwood-1cb.dk\/index.php\/wp-json\/wp\/v2\/pages"}],"about":[{"href":"https:\/\/xn--mjlnerwood-1cb.dk\/index.php\/wp-json\/wp\/v2\/types\/page"}],"author":[{"embeddable":true,"href":"https:\/\/xn--mjlnerwood-1cb.dk\/index.php\/wp-json\/wp\/v2\/users\/1"}],"replies":[{"embeddable":true,"href":"https:\/\/xn--mjlnerwood-1cb.dk\/index.php\/wp-json\/wp\/v2\/comments?post=41"}],"version-history":[{"count":4,"href":"https:\/\/xn--mjlnerwood-1cb.dk\/index.php\/wp-json\/wp\/v2\/pages\/41\/revisions"}],"predecessor-version":[{"id":66,"href":"https:\/\/xn--mjlnerwood-1cb.dk\/index.php\/wp-json\/wp\/v2\/pages\/41\/revisions\/66"}],"wp:attachment":[{"href":"https:\/\/xn--mjlnerwood-1cb.dk\/index.php\/wp-json\/wp\/v2\/media?parent=41"}],"curies":[{"name":"wp","href":"https:\/\/api.w.org\/{rel}","templated":true}]}}

<div class="wp-block-columns is-layout-flex wp-container-core-columns-is-layout-28f84493 wp-block-columns-is-layout-flex">
<div class="wp-block-column is-layout-flow wp-block-column-is-layout-flow">
<figure class="wp-block-image size-large"><img loading="lazy" decoding="async" width="768" height="1024" src="https://xn--mjlnerwood-1cb.dk/wp-content/uploads/2024/02/sadelholder1-768x1024.jpg" alt="" class="wp-image-42" srcset="https://xn--mjlnerwood-1cb.dk/wp-content/uploads/2024/02/sadelholder1-768x1024.jpg 768w, https://xn--mjlnerwood-1cb.dk/wp-content/uploads/2024/02/sadelholder1-225x300.jpg 225w, https://xn--mjlnerwood-1cb.dk/wp-content/uploads/2024/02/sadelholder1-1152x1536.jpg 1152w, https://xn--mjlnerwood-1cb.dk/wp-content/uploads/2024/02/sadelholder1.jpg 1536w" sizes="auto, (max-width: 768px) 100vw, 768px" /></figure>
</div>



<div class="wp-block-column is-layout-flow wp-block-column-is-layout-flow">
<p class="has-large-font-size">Sadelholder til væg</p>



<p>Plads til 4 sadler.<br>Holderne kan flyttes, så selv kan vælge hvor meget plads der er mellem dine sadler.<br>Bagstykket er 150 cm langt.</p>



<p>Ekstra holder kan tilkøbes</p>



<p class="has-large-font-size">Pris 749 kr.</p>
</div>
</div>



<div class="wp-block-columns is-layout-flex wp-container-core-columns-is-layout-28f84493 wp-block-columns-is-layout-flex">
<div class="wp-block-column is-layout-flow wp-block-column-is-layout-flow">
<figure class="wp-block-image size-full"><img loading="lazy" decoding="async" width="720" height="960" src="https://xn--mjlnerwood-1cb.dk/wp-content/uploads/2024/02/sadelrum3-1.jpg" alt="" class="wp-image-54" srcset="https://xn--mjlnerwood-1cb.dk/wp-content/uploads/2024/02/sadelrum3-1.jpg 720w, https://xn--mjlnerwood-1cb.dk/wp-content/uploads/2024/02/sadelrum3-1-225x300.jpg 225w" sizes="auto, (max-width: 720px) 100vw, 720px" /></figure>
</div>



<div class="wp-block-column is-layout-flow wp-block-column-is-layout-flow">
<p class="has-large-font-size">Modulsystem</p>



<p class="has-medium-font-size"> Med vores modulsystem, kan du selv sammensætte hvad du har behov for.<br>Grundsættet består af to bagplader til væg montering.<br>Her på kan du så sætte hylder, sadelholder og trenseholder efter behov og det hele kan justeres rundt i højde.</p>



<p class="has-large-font-size">Pris grundsæt 850 kr.</p>
</div>
</div>



<div class="wp-block-columns is-layout-flex wp-container-core-columns-is-layout-28f84493 wp-block-columns-is-layout-flex">
<div class="wp-block-column is-layout-flow wp-block-column-is-layout-flow">
<figure class="wp-block-image size-full"><img loading="lazy" decoding="async" width="720" height="960" src="https://xn--mjlnerwood-1cb.dk/wp-content/uploads/2024/02/los-sadelholder-1.jpg" alt="" class="wp-image-56" srcset="https://xn--mjlnerwood-1cb.dk/wp-content/uploads/2024/02/los-sadelholder-1.jpg 720w, https://xn--mjlnerwood-1cb.dk/wp-content/uploads/2024/02/los-sadelholder-1-225x300.jpg 225w" sizes="auto, (max-width: 720px) 100vw, 720px" /></figure>
</div>



<div class="wp-block-column is-layout-flow wp-block-column-is-layout-flow">
<div class="wp-block-group is-vertical is-content-justification-stretch is-layout-flex wp-container-core-group-is-layout-353c4f5a wp-block-group-is-layout-flex">
<p class="has-large-font-size">Sadelholder til modulsystem </p>



<p>Sadelholder, sælges enkelvis.</p>



<p class="has-large-font-size">Pris pr stk. 80 kr.</p>
</div>
</div>
</div>



<div class="wp-block-columns is-layout-flex wp-container-core-columns-is-layout-28f84493 wp-block-columns-is-layout-flex">
<div class="wp-block-column is-layout-flow wp-block-column-is-layout-flow">
<figure class="wp-block-image size-full"><img loading="lazy" decoding="async" width="720" height="960" src="https://xn--mjlnerwood-1cb.dk/wp-content/uploads/2024/02/los-trenseholder.jpg" alt="" class="wp-image-57" srcset="https://xn--mjlnerwood-1cb.dk/wp-content/uploads/2024/02/los-trenseholder.jpg 720w, https://xn--mjlnerwood-1cb.dk/wp-content/uploads/2024/02/los-trenseholder-225x300.jpg 225w" sizes="auto, (max-width: 720px) 100vw, 720px" /></figure>
</div>



<div class="wp-block-column is-layout-flow wp-block-column-is-layout-flow">
<p class="has-large-font-size">Trenseholder til modulsystem </p>



<p>Trenseholder, sælges enkelvis.</p>



<p class="has-large-font-size">Pris pr stk. 70 kr.</p>
</div>
</div>



<div class="wp-block-columns is-layout-flex wp-container-core-columns-is-layout-28f84493 wp-block-columns-is-layout-flex">
<div class="wp-block-column is-layout-flow wp-block-column-is-layout-flow">
<figure class="wp-block-image size-full"><img loading="lazy" decoding="async" width="720" height="960" src="https://xn--mjlnerwood-1cb.dk/wp-content/uploads/2024/02/sadelrum5.jpg" alt="" class="wp-image-58" srcset="https://xn--mjlnerwood-1cb.dk/wp-content/uploads/2024/02/sadelrum5.jpg 720w, https://xn--mjlnerwood-1cb.dk/wp-content/uploads/2024/02/sadelrum5-225x300.jpg 225w" sizes="auto, (max-width: 720px) 100vw, 720px" /></figure>
</div>



<div class="wp-block-column is-layout-flow wp-block-column-is-layout-flow">
<p class="has-large-font-size">Hylde til modulsystem </p>



<p>Hylde, med to holder.<br>Brede 50 cm. Længde 120 cm.</p>



<p>Kan laves længere efter ønske.</p>



<p class="has-large-font-size">Pris 525 kr. </p>
</div>
</div>



<div class="wp-block-columns is-layout-flex wp-container-core-columns-is-layout-28f84493 wp-block-columns-is-layout-flex">
<div class="wp-block-column is-layout-flow wp-block-column-is-layout-flow">
<figure class="wp-block-image size-full"><img loading="lazy" decoding="async" width="657" height="960" src="https://xn--mjlnerwood-1cb.dk/wp-content/uploads/2025/02/sadel-stativ-2.jpg" alt="" class="wp-image-64" srcset="https://xn--mjlnerwood-1cb.dk/wp-content/uploads/2025/02/sadel-stativ-2.jpg 657w, https://xn--mjlnerwood-1cb.dk/wp-content/uploads/2025/02/sadel-stativ-2-205x300.jpg 205w" sizes="auto, (max-width: 657px) 100vw, 657px" /></figure>
</div>



<div class="wp-block-column is-layout-flow wp-block-column-is-layout-flow">
<details class="wp-block-details is-layout-flow wp-block-details-is-layout-flow" open><summary></summary>
<p class="has-large-font-size">Sadelstativ dobbelt siddet</p>



<p>Flytbar sadelstativ med 4 holder</p>



<p>Højde 160 cm</p>



<p>Ekstra holder kan tilkøbes. ligeledes kan der monteres 2 ekstra skinner.</p>



<p class="has-large-font-size">Pris 1200 kr.</p>



<div class="wp-block-columns is-layout-flex wp-container-core-columns-is-layout-28f84493 wp-block-columns-is-layout-flex">
<div class="wp-block-column is-layout-flow wp-block-column-is-layout-flow"></div>
</div>
</details>
</div>
</div>



<div class="wp-block-columns is-layout-flex wp-container-core-columns-is-layout-28f84493 wp-block-columns-is-layout-flex">
<div class="wp-block-column is-layout-flow wp-block-column-is-layout-flow">
<figure class="wp-block-image size-large"><img loading="lazy" decoding="async" width="570" height="1024" src="https://xn--mjlnerwood-1cb.dk/wp-content/uploads/2025/02/sadelstativ-ny-570x1024.jpg" alt="" class="wp-image-65" srcset="https://xn--mjlnerwood-1cb.dk/wp-content/uploads/2025/02/sadelstativ-ny-570x1024.jpg 570w, https://xn--mjlnerwood-1cb.dk/wp-content/uploads/2025/02/sadelstativ-ny-167x300.jpg 167w, https://xn--mjlnerwood-1cb.dk/wp-content/uploads/2025/02/sadelstativ-ny.jpg 712w" sizes="auto, (max-width: 570px) 100vw, 570px" /></figure>
</div>



<div class="wp-block-column has-large-font-size is-layout-flow wp-block-column-is-layout-flow">
<p>Sadelstativ enkel</p>



<p class="has-medium-font-size">Flytbar sadelstativ med 3 holder.</p>



<p class="has-medium-font-size">Højde 160 cm</p>



<p class="has-medium-font-size">Ekstra holder kan tilkøbes.</p>



<p>Pris 1050 kr.</p>
</div>
</div>

<p>Sadelholder til væg Plads til 4 sadler.Holderne kan flyttes, så selv kan vælge hvor meget plads der er mellem dine sadler.Bagstykket er 150 cm langt. Ekstra holder kan tilkøbes Pris 749 kr. Modulsystem Med vores modulsystem, kan du selv sammensætte hvad du har behov for.Grundsættet består af to bagplader til væg montering.Her på kan du [&hellip;]</p>
