{"id":18,"date":"2024-02-20T10:07:22","date_gmt":"2024-02-20T10:07:22","guid":{"rendered":"https:\/\/xn--mjlnerwood-1cb.dk\/?page_id=18"},"modified":"2024-02-22T07:32:43","modified_gmt":"2024-02-22T07:32:43","slug":"mini-spring","status":"publish","type":"page","link":"https:\/\/xn--mjlnerwood-1cb.dk\/index.php\/mini-spring\/","title":{"rendered":"Mini Spring"},"content":{"rendered":"\n<p>Vores mini spring kan bruges b\u00e5de til b\u00f8rn, sm\u00e5 ponyer og hunde.<br>Du kan ogs\u00e5 s\u00e6tte en alm \u00f810 bom p\u00e5 og bruge dem som cavalettis, eller til l\u00f8sspring i longe.<\/p>\n\n\n\n<p>Vores mini spring er en tro kopi af alm ridebane spring, bare i lille format.<br>St\u00f8tterne er forsynet med 24 mm n\u00f8glehulsskinner, som kan justeres med 5 cm af gangen. N\u00f8jagtig som p\u00e5 de store spring. <\/p>\n\n\n\n<p><br>St\u00f8tterne p\u00e5 vores mini spring er 85 cm h\u00f8je. Bommene \u00f84 120 cm lange<br>Klik p\u00e5 billederne for at se dem i fuld str.<\/p>\n\n\n\n<div class=\"wp-block-columns is-layout-flex wp-container-core-columns-is-layout-28f84493 wp-block-columns-is-layout-flex\">\n<div class=\"wp-block-column is-layout-flow wp-block-column-is-layout-flow\">\n<figure class=\"wp-block-gallery alignleft has-nested-images columns-3 is-cropped wp-block-gallery-1 is-layout-flex wp-block-gallery-is-layout-flex\">\n<figure data-wp-context=\"{&quot;imageId&quot;:&quot;69f2aa7d4c931&quot;}\" data-wp-interactive=\"core\/image\" data-wp-key=\"69f2aa7d4c931\" class=\"wp-block-image size-full wp-lightbox-container\"><img loading=\"lazy\" decoding=\"async\" width=\"1280\" height=\"960\" data-wp-class--hide=\"state.isContentHidden\" data-wp-class--show=\"state.isContentVisible\" data-wp-init=\"callbacks.setButtonStyles\" data-wp-on--click=\"actions.showLightbox\" data-wp-on--load=\"callbacks.setButtonStyles\" data-wp-on-window--resize=\"callbacks.setButtonStyles\" data-id=\"26\" src=\"https:\/\/xn--mjlnerwood-1cb.dk\/wp-content\/uploads\/2024\/02\/blaalilla-mini.jpg\" alt=\"\" class=\"wp-image-26\" srcset=\"https:\/\/xn--mjlnerwood-1cb.dk\/wp-content\/uploads\/2024\/02\/blaalilla-mini.jpg 1280w, https:\/\/xn--mjlnerwood-1cb.dk\/wp-content\/uploads\/2024\/02\/blaalilla-mini-300x225.jpg 300w, https:\/\/xn--mjlnerwood-1cb.dk\/wp-content\/uploads\/2024\/02\/blaalilla-mini-1024x768.jpg 1024w, https:\/\/xn--mjlnerwood-1cb.dk\/wp-content\/uploads\/2024\/02\/blaalilla-mini-768x576.jpg 768w\" sizes=\"auto, (max-width: 1280px) 100vw, 1280px\" \/><button\n\t\t\tclass=\"lightbox-trigger\"\n\t\t\ttype=\"button\"\n\t\t\taria-haspopup=\"dialog\"\n\t\t\taria-label=\"Forst\u00f8r\"\n\t\t\tdata-wp-init=\"callbacks.initTriggerButton\"\n\t\t\tdata-wp-on--click=\"actions.showLightbox\"\n\t\t\tdata-wp-style--right=\"state.imageButtonRight\"\n\t\t\tdata-wp-style--top=\"state.imageButtonTop\"\n\t\t>\n\t\t\t<svg xmlns=\"http:\/\/www.w3.org\/2000\/svg\" width=\"12\" height=\"12\" fill=\"none\" viewBox=\"0 0 12 12\">\n\t\t\t\t<path fill=\"#fff\" d=\"M2 0a2 2 0 0 0-2 2v2h1.5V2a.5.5 0 0 1 .5-.5h2V0H2Zm2 10.5H2a.5.5 0 0 1-.5-.5V8H0v2a2 2 0 0 0 2 2h2v-1.5ZM8 12v-1.5h2a.5.5 0 0 0 .5-.5V8H12v2a2 2 0 0 1-2 2H8Zm2-12a2 2 0 0 1 2 2v2h-1.5V2a.5.5 0 0 0-.5-.5H8V0h2Z\" \/>\n\t\t\t<\/svg>\n\t\t<\/button><\/figure>\n\n\n\n<figure data-wp-context=\"{&quot;imageId&quot;:&quot;69f2aa7d4cdd1&quot;}\" data-wp-interactive=\"core\/image\" data-wp-key=\"69f2aa7d4cdd1\" class=\"wp-block-image size-full wp-lightbox-container\"><img loading=\"lazy\" decoding=\"async\" width=\"960\" height=\"720\" data-wp-class--hide=\"state.isContentHidden\" data-wp-class--show=\"state.isContentVisible\" data-wp-init=\"callbacks.setButtonStyles\" data-wp-on--click=\"actions.showLightbox\" data-wp-on--load=\"callbacks.setButtonStyles\" data-wp-on-window--resize=\"callbacks.setButtonStyles\" data-id=\"24\" src=\"https:\/\/xn--mjlnerwood-1cb.dk\/wp-content\/uploads\/2024\/02\/mini-regnbue.jpg\" alt=\"\" class=\"wp-image-24\" srcset=\"https:\/\/xn--mjlnerwood-1cb.dk\/wp-content\/uploads\/2024\/02\/mini-regnbue.jpg 960w, https:\/\/xn--mjlnerwood-1cb.dk\/wp-content\/uploads\/2024\/02\/mini-regnbue-300x225.jpg 300w, https:\/\/xn--mjlnerwood-1cb.dk\/wp-content\/uploads\/2024\/02\/mini-regnbue-768x576.jpg 768w\" sizes=\"auto, (max-width: 960px) 100vw, 960px\" \/><button\n\t\t\tclass=\"lightbox-trigger\"\n\t\t\ttype=\"button\"\n\t\t\taria-haspopup=\"dialog\"\n\t\t\taria-label=\"Forst\u00f8r\"\n\t\t\tdata-wp-init=\"callbacks.initTriggerButton\"\n\t\t\tdata-wp-on--click=\"actions.showLightbox\"\n\t\t\tdata-wp-style--right=\"state.imageButtonRight\"\n\t\t\tdata-wp-style--top=\"state.imageButtonTop\"\n\t\t>\n\t\t\t<svg xmlns=\"http:\/\/www.w3.org\/2000\/svg\" width=\"12\" height=\"12\" fill=\"none\" viewBox=\"0 0 12 12\">\n\t\t\t\t<path fill=\"#fff\" d=\"M2 0a2 2 0 0 0-2 2v2h1.5V2a.5.5 0 0 1 .5-.5h2V0H2Zm2 10.5H2a.5.5 0 0 1-.5-.5V8H0v2a2 2 0 0 0 2 2h2v-1.5ZM8 12v-1.5h2a.5.5 0 0 0 .5-.5V8H12v2a2 2 0 0 1-2 2H8Zm2-12a2 2 0 0 1 2 2v2h-1.5V2a.5.5 0 0 0-.5-.5H8V0h2Z\" \/>\n\t\t\t<\/svg>\n\t\t<\/button><\/figure>\n\n\n\n<figure data-wp-context=\"{&quot;imageId&quot;:&quot;69f2aa7d4d1e8&quot;}\" data-wp-interactive=\"core\/image\" data-wp-key=\"69f2aa7d4d1e8\" class=\"wp-block-image size-full wp-lightbox-container\"><img loading=\"lazy\" decoding=\"async\" width=\"960\" height=\"720\" data-wp-class--hide=\"state.isContentHidden\" data-wp-class--show=\"state.isContentVisible\" data-wp-init=\"callbacks.setButtonStyles\" data-wp-on--click=\"actions.showLightbox\" data-wp-on--load=\"callbacks.setButtonStyles\" data-wp-on-window--resize=\"callbacks.setButtonStyles\" data-id=\"25\" src=\"https:\/\/xn--mjlnerwood-1cb.dk\/wp-content\/uploads\/2024\/02\/mini-spring-baby.jpg\" alt=\"\" class=\"wp-image-25\" srcset=\"https:\/\/xn--mjlnerwood-1cb.dk\/wp-content\/uploads\/2024\/02\/mini-spring-baby.jpg 960w, https:\/\/xn--mjlnerwood-1cb.dk\/wp-content\/uploads\/2024\/02\/mini-spring-baby-300x225.jpg 300w, https:\/\/xn--mjlnerwood-1cb.dk\/wp-content\/uploads\/2024\/02\/mini-spring-baby-768x576.jpg 768w\" sizes=\"auto, (max-width: 960px) 100vw, 960px\" \/><button\n\t\t\tclass=\"lightbox-trigger\"\n\t\t\ttype=\"button\"\n\t\t\taria-haspopup=\"dialog\"\n\t\t\taria-label=\"Forst\u00f8r\"\n\t\t\tdata-wp-init=\"callbacks.initTriggerButton\"\n\t\t\tdata-wp-on--click=\"actions.showLightbox\"\n\t\t\tdata-wp-style--right=\"state.imageButtonRight\"\n\t\t\tdata-wp-style--top=\"state.imageButtonTop\"\n\t\t>\n\t\t\t<svg xmlns=\"http:\/\/www.w3.org\/2000\/svg\" width=\"12\" height=\"12\" fill=\"none\" viewBox=\"0 0 12 12\">\n\t\t\t\t<path fill=\"#fff\" d=\"M2 0a2 2 0 0 0-2 2v2h1.5V2a.5.5 0 0 1 .5-.5h2V0H2Zm2 10.5H2a.5.5 0 0 1-.5-.5V8H0v2a2 2 0 0 0 2 2h2v-1.5ZM8 12v-1.5h2a.5.5 0 0 0 .5-.5V8H12v2a2 2 0 0 1-2 2H8Zm2-12a2 2 0 0 1 2 2v2h-1.5V2a.5.5 0 0 0-.5-.5H8V0h2Z\" \/>\n\t\t\t<\/svg>\n\t\t<\/button><\/figure>\n\n\n\n<figure data-wp-context=\"{&quot;imageId&quot;:&quot;69f2aa7d4d5f1&quot;}\" data-wp-interactive=\"core\/image\" data-wp-key=\"69f2aa7d4d5f1\" class=\"wp-block-image size-full wp-lightbox-container\"><img loading=\"lazy\" decoding=\"async\" width=\"960\" height=\"720\" data-wp-class--hide=\"state.isContentHidden\" data-wp-class--show=\"state.isContentVisible\" data-wp-init=\"callbacks.setButtonStyles\" data-wp-on--click=\"actions.showLightbox\" data-wp-on--load=\"callbacks.setButtonStyles\" data-wp-on-window--resize=\"callbacks.setButtonStyles\" data-id=\"23\" src=\"https:\/\/xn--mjlnerwood-1cb.dk\/wp-content\/uploads\/2024\/02\/mini-spring-lilla.jpg\" alt=\"\" class=\"wp-image-23\" srcset=\"https:\/\/xn--mjlnerwood-1cb.dk\/wp-content\/uploads\/2024\/02\/mini-spring-lilla.jpg 960w, https:\/\/xn--mjlnerwood-1cb.dk\/wp-content\/uploads\/2024\/02\/mini-spring-lilla-300x225.jpg 300w, https:\/\/xn--mjlnerwood-1cb.dk\/wp-content\/uploads\/2024\/02\/mini-spring-lilla-768x576.jpg 768w\" sizes=\"auto, (max-width: 960px) 100vw, 960px\" \/><button\n\t\t\tclass=\"lightbox-trigger\"\n\t\t\ttype=\"button\"\n\t\t\taria-haspopup=\"dialog\"\n\t\t\taria-label=\"Forst\u00f8r\"\n\t\t\tdata-wp-init=\"callbacks.initTriggerButton\"\n\t\t\tdata-wp-on--click=\"actions.showLightbox\"\n\t\t\tdata-wp-style--right=\"state.imageButtonRight\"\n\t\t\tdata-wp-style--top=\"state.imageButtonTop\"\n\t\t>\n\t\t\t<svg xmlns=\"http:\/\/www.w3.org\/2000\/svg\" width=\"12\" height=\"12\" fill=\"none\" viewBox=\"0 0 12 12\">\n\t\t\t\t<path fill=\"#fff\" d=\"M2 0a2 2 0 0 0-2 2v2h1.5V2a.5.5 0 0 1 .5-.5h2V0H2Zm2 10.5H2a.5.5 0 0 1-.5-.5V8H0v2a2 2 0 0 0 2 2h2v-1.5ZM8 12v-1.5h2a.5.5 0 0 0 .5-.5V8H12v2a2 2 0 0 1-2 2H8Zm2-12a2 2 0 0 1 2 2v2h-1.5V2a.5.5 0 0 0-.5-.5H8V0h2Z\" \/>\n\t\t\t<\/svg>\n\t\t<\/button><\/figure>\n\n\n\n<figure data-wp-context=\"{&quot;imageId&quot;:&quot;69f2aa7d4d9da&quot;}\" data-wp-interactive=\"core\/image\" data-wp-key=\"69f2aa7d4d9da\" class=\"wp-block-image size-full wp-lightbox-container\"><img loading=\"lazy\" decoding=\"async\" width=\"960\" height=\"720\" data-wp-class--hide=\"state.isContentHidden\" data-wp-class--show=\"state.isContentVisible\" data-wp-init=\"callbacks.setButtonStyles\" data-wp-on--click=\"actions.showLightbox\" data-wp-on--load=\"callbacks.setButtonStyles\" data-wp-on-window--resize=\"callbacks.setButtonStyles\" data-id=\"22\" src=\"https:\/\/xn--mjlnerwood-1cb.dk\/wp-content\/uploads\/2024\/02\/shetter-1.jpg\" alt=\"\" class=\"wp-image-22\" srcset=\"https:\/\/xn--mjlnerwood-1cb.dk\/wp-content\/uploads\/2024\/02\/shetter-1.jpg 960w, https:\/\/xn--mjlnerwood-1cb.dk\/wp-content\/uploads\/2024\/02\/shetter-1-300x225.jpg 300w, https:\/\/xn--mjlnerwood-1cb.dk\/wp-content\/uploads\/2024\/02\/shetter-1-768x576.jpg 768w\" sizes=\"auto, (max-width: 960px) 100vw, 960px\" \/><button\n\t\t\tclass=\"lightbox-trigger\"\n\t\t\ttype=\"button\"\n\t\t\taria-haspopup=\"dialog\"\n\t\t\taria-label=\"Forst\u00f8r\"\n\t\t\tdata-wp-init=\"callbacks.initTriggerButton\"\n\t\t\tdata-wp-on--click=\"actions.showLightbox\"\n\t\t\tdata-wp-style--right=\"state.imageButtonRight\"\n\t\t\tdata-wp-style--top=\"state.imageButtonTop\"\n\t\t>\n\t\t\t<svg xmlns=\"http:\/\/www.w3.org\/2000\/svg\" width=\"12\" height=\"12\" fill=\"none\" viewBox=\"0 0 12 12\">\n\t\t\t\t<path fill=\"#fff\" d=\"M2 0a2 2 0 0 0-2 2v2h1.5V2a.5.5 0 0 1 .5-.5h2V0H2Zm2 10.5H2a.5.5 0 0 1-.5-.5V8H0v2a2 2 0 0 0 2 2h2v-1.5ZM8 12v-1.5h2a.5.5 0 0 0 .5-.5V8H12v2a2 2 0 0 1-2 2H8Zm2-12a2 2 0 0 1 2 2v2h-1.5V2a.5.5 0 0 0-.5-.5H8V0h2Z\" \/>\n\t\t\t<\/svg>\n\t\t<\/button><\/figure>\n\n\n\n<figure data-wp-context=\"{&quot;imageId&quot;:&quot;69f2aa7d4dd7d&quot;}\" data-wp-interactive=\"core\/image\" data-wp-key=\"69f2aa7d4dd7d\" class=\"wp-block-image size-full wp-lightbox-container\"><img loading=\"lazy\" decoding=\"async\" width=\"960\" height=\"720\" data-wp-class--hide=\"state.isContentHidden\" data-wp-class--show=\"state.isContentVisible\" data-wp-init=\"callbacks.setButtonStyles\" data-wp-on--click=\"actions.showLightbox\" data-wp-on--load=\"callbacks.setButtonStyles\" data-wp-on-window--resize=\"callbacks.setButtonStyles\" data-id=\"20\" src=\"https:\/\/xn--mjlnerwood-1cb.dk\/wp-content\/uploads\/2024\/02\/shetter-2.jpg\" alt=\"\" class=\"wp-image-20\" srcset=\"https:\/\/xn--mjlnerwood-1cb.dk\/wp-content\/uploads\/2024\/02\/shetter-2.jpg 960w, https:\/\/xn--mjlnerwood-1cb.dk\/wp-content\/uploads\/2024\/02\/shetter-2-300x225.jpg 300w, https:\/\/xn--mjlnerwood-1cb.dk\/wp-content\/uploads\/2024\/02\/shetter-2-768x576.jpg 768w\" sizes=\"auto, (max-width: 960px) 100vw, 960px\" \/><button\n\t\t\tclass=\"lightbox-trigger\"\n\t\t\ttype=\"button\"\n\t\t\taria-haspopup=\"dialog\"\n\t\t\taria-label=\"Forst\u00f8r\"\n\t\t\tdata-wp-init=\"callbacks.initTriggerButton\"\n\t\t\tdata-wp-on--click=\"actions.showLightbox\"\n\t\t\tdata-wp-style--right=\"state.imageButtonRight\"\n\t\t\tdata-wp-style--top=\"state.imageButtonTop\"\n\t\t>\n\t\t\t<svg xmlns=\"http:\/\/www.w3.org\/2000\/svg\" width=\"12\" height=\"12\" fill=\"none\" viewBox=\"0 0 12 12\">\n\t\t\t\t<path fill=\"#fff\" d=\"M2 0a2 2 0 0 0-2 2v2h1.5V2a.5.5 0 0 1 .5-.5h2V0H2Zm2 10.5H2a.5.5 0 0 1-.5-.5V8H0v2a2 2 0 0 0 2 2h2v-1.5ZM8 12v-1.5h2a.5.5 0 0 0 .5-.5V8H12v2a2 2 0 0 1-2 2H8Zm2-12a2 2 0 0 1 2 2v2h-1.5V2a.5.5 0 0 0-.5-.5H8V0h2Z\" \/>\n\t\t\t<\/svg>\n\t\t<\/button><\/figure>\n\n\n\n<figure data-wp-context=\"{&quot;imageId&quot;:&quot;69f2aa7d4e14b&quot;}\" data-wp-interactive=\"core\/image\" data-wp-key=\"69f2aa7d4e14b\" class=\"wp-block-image size-full wp-lightbox-container\"><img loading=\"lazy\" decoding=\"async\" width=\"960\" height=\"720\" data-wp-class--hide=\"state.isContentHidden\" data-wp-class--show=\"state.isContentVisible\" data-wp-init=\"callbacks.setButtonStyles\" data-wp-on--click=\"actions.showLightbox\" data-wp-on--load=\"callbacks.setButtonStyles\" data-wp-on-window--resize=\"callbacks.setButtonStyles\" data-id=\"21\" src=\"https:\/\/xn--mjlnerwood-1cb.dk\/wp-content\/uploads\/2024\/02\/shetter-3.jpg\" alt=\"\" class=\"wp-image-21\" srcset=\"https:\/\/xn--mjlnerwood-1cb.dk\/wp-content\/uploads\/2024\/02\/shetter-3.jpg 960w, https:\/\/xn--mjlnerwood-1cb.dk\/wp-content\/uploads\/2024\/02\/shetter-3-300x225.jpg 300w, https:\/\/xn--mjlnerwood-1cb.dk\/wp-content\/uploads\/2024\/02\/shetter-3-768x576.jpg 768w\" sizes=\"auto, (max-width: 960px) 100vw, 960px\" \/><button\n\t\t\tclass=\"lightbox-trigger\"\n\t\t\ttype=\"button\"\n\t\t\taria-haspopup=\"dialog\"\n\t\t\taria-label=\"Forst\u00f8r\"\n\t\t\tdata-wp-init=\"callbacks.initTriggerButton\"\n\t\t\tdata-wp-on--click=\"actions.showLightbox\"\n\t\t\tdata-wp-style--right=\"state.imageButtonRight\"\n\t\t\tdata-wp-style--top=\"state.imageButtonTop\"\n\t\t>\n\t\t\t<svg xmlns=\"http:\/\/www.w3.org\/2000\/svg\" width=\"12\" height=\"12\" fill=\"none\" viewBox=\"0 0 12 12\">\n\t\t\t\t<path fill=\"#fff\" d=\"M2 0a2 2 0 0 0-2 2v2h1.5V2a.5.5 0 0 1 .5-.5h2V0H2Zm2 10.5H2a.5.5 0 0 1-.5-.5V8H0v2a2 2 0 0 0 2 2h2v-1.5ZM8 12v-1.5h2a.5.5 0 0 0 .5-.5V8H12v2a2 2 0 0 1-2 2H8Zm2-12a2 2 0 0 1 2 2v2h-1.5V2a.5.5 0 0 0-.5-.5H8V0h2Z\" \/>\n\t\t\t<\/svg>\n\t\t<\/button><\/figure>\n\n\n\n<figure data-wp-context=\"{&quot;imageId&quot;:&quot;69f2aa7d4e5f0&quot;}\" data-wp-interactive=\"core\/image\" data-wp-key=\"69f2aa7d4e5f0\" class=\"wp-block-image size-full wp-lightbox-container\"><img loading=\"lazy\" decoding=\"async\" width=\"213\" height=\"160\" data-wp-class--hide=\"state.isContentHidden\" data-wp-class--show=\"state.isContentVisible\" data-wp-init=\"callbacks.setButtonStyles\" data-wp-on--click=\"actions.showLightbox\" data-wp-on--load=\"callbacks.setButtonStyles\" data-wp-on-window--resize=\"callbacks.setButtonStyles\" data-id=\"19\" src=\"https:\/\/xn--mjlnerwood-1cb.dk\/wp-content\/uploads\/2024\/02\/shetter6.jpg\" alt=\"\" class=\"wp-image-19\"\/><button\n\t\t\tclass=\"lightbox-trigger\"\n\t\t\ttype=\"button\"\n\t\t\taria-haspopup=\"dialog\"\n\t\t\taria-label=\"Forst\u00f8r\"\n\t\t\tdata-wp-init=\"callbacks.initTriggerButton\"\n\t\t\tdata-wp-on--click=\"actions.showLightbox\"\n\t\t\tdata-wp-style--right=\"state.imageButtonRight\"\n\t\t\tdata-wp-style--top=\"state.imageButtonTop\"\n\t\t>\n\t\t\t<svg xmlns=\"http:\/\/www.w3.org\/2000\/svg\" width=\"12\" height=\"12\" fill=\"none\" viewBox=\"0 0 12 12\">\n\t\t\t\t<path fill=\"#fff\" d=\"M2 0a2 2 0 0 0-2 2v2h1.5V2a.5.5 0 0 1 .5-.5h2V0H2Zm2 10.5H2a.5.5 0 0 1-.5-.5V8H0v2a2 2 0 0 0 2 2h2v-1.5ZM8 12v-1.5h2a.5.5 0 0 0 .5-.5V8H12v2a2 2 0 0 1-2 2H8Zm2-12a2 2 0 0 1 2 2v2h-1.5V2a.5.5 0 0 0-.5-.5H8V0h2Z\" \/>\n\t\t\t<\/svg>\n\t\t<\/button><\/figure>\n<\/figure>\n<\/div>\n\n\n\n<div class=\"wp-block-column is-layout-flow wp-block-column-is-layout-flow\">\n<p class=\"has-large-font-size\">Standart mini spring <\/p>\n\n\n\n<p class=\"has-medium-font-size\">Best\u00e5ende af :<br>2 st\u00f8tter<br>2 bomme<br>4 Bomholder <br>Bestille i valgfri farver<\/p>\n\n\n\n<p class=\"has-large-font-size\">Pris : 1400 kr.<\/p>\n\n\n\n<div class=\"wp-block-columns is-layout-flex wp-container-core-columns-is-layout-28f84493 wp-block-columns-is-layout-flex\">\n<div class=\"wp-block-column is-layout-flow wp-block-column-is-layout-flow\"><\/div>\n\n\n\n<div class=\"wp-block-column is-layout-flow wp-block-column-is-layout-flow\"><\/div>\n<\/div>\n<\/div>\n<\/div>\n\n\n\n<div class=\"wp-block-columns is-layout-flex wp-container-core-columns-is-layout-28f84493 wp-block-columns-is-layout-flex\">\n<div class=\"wp-block-column is-layout-flow wp-block-column-is-layout-flow\">\n<figure class=\"wp-block-image size-full\"><img loading=\"lazy\" decoding=\"async\" width=\"960\" height=\"720\" src=\"https:\/\/xn--mjlnerwood-1cb.dk\/wp-content\/uploads\/2024\/02\/blyanter-lille.jpg\" alt=\"\" class=\"wp-image-45\" srcset=\"https:\/\/xn--mjlnerwood-1cb.dk\/wp-content\/uploads\/2024\/02\/blyanter-lille.jpg 960w, https:\/\/xn--mjlnerwood-1cb.dk\/wp-content\/uploads\/2024\/02\/blyanter-lille-300x225.jpg 300w, https:\/\/xn--mjlnerwood-1cb.dk\/wp-content\/uploads\/2024\/02\/blyanter-lille-768x576.jpg 768w\" sizes=\"auto, (max-width: 960px) 100vw, 960px\" \/><\/figure>\n<\/div>\n\n\n\n<div class=\"wp-block-column is-layout-flow wp-block-column-is-layout-flow\">\n<p class=\"has-large-font-size\">Mini spring blyanter<\/p>\n<\/div>\n<\/div>\n\n\n\n<p><\/p>\n\n\n\n<div class=\"wp-block-columns is-layout-flex wp-container-core-columns-is-layout-28f84493 wp-block-columns-is-layout-flex\">\n<div class=\"wp-block-column is-layout-flow wp-block-column-is-layout-flow\">\n<figure class=\"wp-block-image size-full\"><img loading=\"lazy\" decoding=\"async\" width=\"960\" height=\"606\" src=\"https:\/\/xn--mjlnerwood-1cb.dk\/wp-content\/uploads\/2024\/02\/lille-dannebro.jpg\" alt=\"\" class=\"wp-image-47\" srcset=\"https:\/\/xn--mjlnerwood-1cb.dk\/wp-content\/uploads\/2024\/02\/lille-dannebro.jpg 960w, https:\/\/xn--mjlnerwood-1cb.dk\/wp-content\/uploads\/2024\/02\/lille-dannebro-300x189.jpg 300w, https:\/\/xn--mjlnerwood-1cb.dk\/wp-content\/uploads\/2024\/02\/lille-dannebro-768x485.jpg 768w\" sizes=\"auto, (max-width: 960px) 100vw, 960px\" \/><\/figure>\n<\/div>\n\n\n\n<div class=\"wp-block-column is-layout-flow wp-block-column-is-layout-flow\">\n<p class=\"has-large-font-size\">Mini spring flag<\/p>\n<\/div>\n<\/div>\n\n\n\n<p><\/p>\n\n\n\n<div class=\"wp-block-columns is-layout-flex wp-container-core-columns-is-layout-28f84493 wp-block-columns-is-layout-flex\">\n<div class=\"wp-block-column is-layout-flow wp-block-column-is-layout-flow\">\n<figure class=\"wp-block-image size-full\"><img loading=\"lazy\" decoding=\"async\" width=\"960\" height=\"720\" src=\"https:\/\/xn--mjlnerwood-1cb.dk\/wp-content\/uploads\/2024\/02\/mini-regnbue-1-1.jpg\" alt=\"\" class=\"wp-image-48\" srcset=\"https:\/\/xn--mjlnerwood-1cb.dk\/wp-content\/uploads\/2024\/02\/mini-regnbue-1-1.jpg 960w, https:\/\/xn--mjlnerwood-1cb.dk\/wp-content\/uploads\/2024\/02\/mini-regnbue-1-1-300x225.jpg 300w, https:\/\/xn--mjlnerwood-1cb.dk\/wp-content\/uploads\/2024\/02\/mini-regnbue-1-1-768x576.jpg 768w\" sizes=\"auto, (max-width: 960px) 100vw, 960px\" \/><\/figure>\n<\/div>\n\n\n\n<div class=\"wp-block-column is-layout-flow wp-block-column-is-layout-flow\">\n<p class=\"has-large-font-size\">Mini spring Regnbue<\/p>\n<\/div>\n<\/div>\n\n\n\n<div class=\"wp-block-columns is-layout-flex wp-container-core-columns-is-layout-5c8fb865 wp-block-columns-is-layout-flex\">\n<div class=\"wp-block-column is-layout-flow wp-block-column-is-layout-flow\">\n<figure class=\"wp-block-image size-full\"><img loading=\"lazy\" decoding=\"async\" width=\"960\" height=\"564\" src=\"https:\/\/xn--mjlnerwood-1cb.dk\/wp-content\/uploads\/2024\/02\/mini-skak.jpg\" alt=\"\" class=\"wp-image-49\" srcset=\"https:\/\/xn--mjlnerwood-1cb.dk\/wp-content\/uploads\/2024\/02\/mini-skak.jpg 960w, https:\/\/xn--mjlnerwood-1cb.dk\/wp-content\/uploads\/2024\/02\/mini-skak-300x176.jpg 300w, https:\/\/xn--mjlnerwood-1cb.dk\/wp-content\/uploads\/2024\/02\/mini-skak-768x451.jpg 768w\" sizes=\"auto, (max-width: 960px) 100vw, 960px\" \/><\/figure>\n<\/div>\n\n\n\n<div class=\"wp-block-column is-layout-flow wp-block-column-is-layout-flow\">\n<p class=\"has-large-font-size\">Mini spring skak<\/p>\n<\/div>\n<\/div>\n\n\n\n<div class=\"wp-block-columns is-layout-flex wp-container-core-columns-is-layout-28f84493 wp-block-columns-is-layout-flex\">\n<div class=\"wp-block-column is-layout-flow wp-block-column-is-layout-flow\">\n<figure class=\"wp-block-image size-full\"><img loading=\"lazy\" decoding=\"async\" width=\"960\" height=\"622\" src=\"https:\/\/xn--mjlnerwood-1cb.dk\/wp-content\/uploads\/2024\/02\/mini-mur-hest.jpg\" alt=\"\" class=\"wp-image-50\" srcset=\"https:\/\/xn--mjlnerwood-1cb.dk\/wp-content\/uploads\/2024\/02\/mini-mur-hest.jpg 960w, https:\/\/xn--mjlnerwood-1cb.dk\/wp-content\/uploads\/2024\/02\/mini-mur-hest-300x194.jpg 300w, https:\/\/xn--mjlnerwood-1cb.dk\/wp-content\/uploads\/2024\/02\/mini-mur-hest-768x498.jpg 768w\" sizes=\"auto, (max-width: 960px) 100vw, 960px\" \/><\/figure>\n<\/div>\n\n\n\n<div class=\"wp-block-column is-layout-flow wp-block-column-is-layout-flow\">\n<p class=\"has-large-font-size\">Mini spring heste<\/p>\n<\/div>\n<\/div>\n\n\n\n<div class=\"wp-block-columns is-layout-flex wp-container-core-columns-is-layout-28f84493 wp-block-columns-is-layout-flex\">\n<div class=\"wp-block-column is-layout-flow wp-block-column-is-layout-flow\"><\/div>\n\n\n\n<div class=\"wp-block-column is-layout-flow wp-block-column-is-layout-flow\"><\/div>\n<\/div>\n","protected":false},"excerpt":{"rendered":"<p>Vores mini spring kan bruges b\u00e5de til b\u00f8rn, sm\u00e5 ponyer og hunde.Du kan ogs\u00e5 s\u00e6tte en alm \u00f810 bom p\u00e5 og bruge dem som cavalettis, eller til l\u00f8sspring i longe. Vores mini spring er en tro kopi af alm ridebane spring, bare i lille format.St\u00f8tterne er forsynet med 24 mm n\u00f8glehulsskinner, som kan justeres med [&hellip;]<\/p>\n","protected":false},"author":1,"featured_media":0,"parent":0,"menu_order":0,"comment_status":"closed","ping_status":"closed","template":"","meta":{"footnotes":""},"class_list":["post-18","page","type-page","status-publish","hentry"],"_links":{"self":[{"href":"https:\/\/xn--mjlnerwood-1cb.dk\/index.php\/wp-json\/wp\/v2\/pages\/18","targetHints":{"allow":["GET"]}}],"collection":[{"href":"https:\/\/xn--mjlnerwood-1cb.dk\/index.php\/wp-json\/wp\/v2\/pages"}],"about":[{"href":"https:\/\/xn--mjlnerwood-1cb.dk\/index.php\/wp-json\/wp\/v2\/types\/page"}],"author":[{"embeddable":true,"href":"https:\/\/xn--mjlnerwood-1cb.dk\/index.php\/wp-json\/wp\/v2\/users\/1"}],"replies":[{"embeddable":true,"href":"https:\/\/xn--mjlnerwood-1cb.dk\/index.php\/wp-json\/wp\/v2\/comments?post=18"}],"version-history":[{"count":5,"href":"https:\/\/xn--mjlnerwood-1cb.dk\/index.php\/wp-json\/wp\/v2\/pages\/18\/revisions"}],"predecessor-version":[{"id":51,"href":"https:\/\/xn--mjlnerwood-1cb.dk\/index.php\/wp-json\/wp\/v2\/pages\/18\/revisions\/51"}],"wp:attachment":[{"href":"https:\/\/xn--mjlnerwood-1cb.dk\/index.php\/wp-json\/wp\/v2\/media?parent=18"}],"curies":[{"name":"wp","href":"https:\/\/api.w.org\/{rel}","templated":true}]}}